7?
117
Let h be (1/(-3))/((-4)/60). Let c be (36/45)/(8/20). Suppose 2*b = 2*d - d + 8, -h*b - c*d = -38. Calculate the greatest common divisor of 48 and b.
6
Let x(t) = -2*t**3 - 158*t**2 - 7*t + 188. Let i be x(-79). Calculate the highest common divisor of i and 117.
39
Let u(r) = -3*r - 50. Let s be u(-25). Let l be 6/8*(-48)/(-9). Suppose -898 = -4*o + p - 0, -l*o = 5*p - 910. What is the highest common factor of s and o?
25
Suppose -15*t + 30*t = 282*t - 214668. What is the highest common factor of t and 60?
12
Suppose 22508 = 8*i - 11338 + 7430. What is the greatest common divisor of 182 and i?
26
Let p = -76 - -151. Calculate the greatest common factor of 495 and p.
15
Let l = 145 + 44. Suppose 0 = -4*k - 9 + 21. Let z be 4*k/(12/31) + -4. What is the highest common factor of z and l?
27
Let y(n) = 10*n - 68. Let s(i) = -i + 1. Let x(z) = 6*s(z) + y(z). Let k be x(24). Suppose k - 106 = -3*v. What is the greatest common factor of v and 30?
6
Let p be (30/5 - 4) + -7 + (8 - -28). Suppose 0 = -0*c + 4*c + 4*v - 992, 3*c - 3*v = 744. Calculate the greatest common divisor of c and p.
31
Let y = 18806 + -18701. What is the highest common divisor of y and 1925?
35
Let i = 3318 + 435. Calculate the highest common factor of 139 and i.
139
Suppose -332 = -12*u + 844. What is the greatest common divisor of 3038 and u?
98
Suppose -3*o + 196 = -0*b - 4*b, 3*o = -b + 221. Suppose -760 = -4*a + o. Suppose 22*j + 5*j - 8900 = -8198. What is the highest common divisor of j and a?
26
Suppose -6 - 60 = -4*p - 5*q, 2*p - q - 26 = 0. Suppose 10*t + 154 = 1064. Calculate the greatest common divisor of p and t.
7
Suppose 18*x - 62 = -8. Let f be (x - -1)/((-10)/(-610)). Calculate the greatest common divisor of 61 and f.
61
Let r(t) = -2*t**3 + 12*t**2 - 24*t + 29. Let z be r(3). What is the highest common factor of 61 and z?
1
Suppose 26*s = 11*s - 2325. Let f be s*(60/(-25) - -2). What is the greatest common factor of 2 and f?
2
Let o(y) = -2*y**2 + 25*y + 107. Let a be o(-3). What is the highest common factor of 10892 and a?
14
Suppose 4*v = 746*d - 748*d + 82, 5*v = -2*d + 71. Let s(x) = 17*x**2 + 4*x - 4. Let o be s(5). Calculate the greatest common divisor of d and o.
63
Suppose 2*d - 10*v - 3259 = -7*v, 0 = d - 2*v - 1631. Calculate the greatest common factor of 875 and d.
125
Let t(m) = 2*m**2 - m - 4. Let q be t(2). Suppose q*j - 61 = -27. Calculate the greatest common divisor of j and 136.
17
Suppose -4*n = -5*p + 211, -2*p + 358 = -3*n + 282. Calculate the greatest common divisor of 423 and p.
47
Let q be (-32)/96 + (-5368)/(-3) + -7. Calculate the highest common factor of 66 and q.
66
Let x = 13 + -2. Suppose -33*t + 27*t + 48 = 0. Suppose t*z - 5*z = -k + 97, -5*k = 5*z - 155. Calculate the highest common divisor of x and z.
11
Let l be (-2030)/(-21)*(-120)/(-50). Suppose -5*y + 2*y + g + 89 = 0, 3*y + 5*g - 77 = 0. Calculate the greatest common factor of l and y.
29
Suppose 2*k = 2*o + 4, 2*o + k = -7 - 3. Let q(a) = -4*a**3 - 5*a**2 - 7*a + 4. Let u be q(o). Calculate the highest common divisor of u and 26.
26
Let d = 516 + -133. Suppose -x + 5*v - d = -3*x, 2*v + 214 = x. Calculate the greatest common divisor of 272 and x.
68
Suppose -125*q = -15*q - 5940. Calculate the greatest common divisor of 22 and q.
2
Let p(w) = -2*w**3 + 4*w**2 - 5*w - 1. Let g be p(2). Let s(i) = 2*i + 56. Let x be s(g). Calculate the greatest common divisor of x and 374.
34
Let q be 2923 - (8/(-3) - (-394)/591). Calculate the greatest common divisor of 15 and q.
15
Let j be -5 + (3374 - -2) - (41 - 32). What is the highest common factor of j and 164?
82
Let a be (9/(-18))/((-17)/28560). Calculate the greatest common divisor of 525 and a.
105
Let l be (135/(-405))/(25/(-27) + 1)*-1340. What is the highest common factor of 134 and l?
134
Let p = -102 - 7. Suppose -l - l + 5*d = -288, 0 = 5*l - 3*d - 739. Let t = p + l. What is the greatest common divisor of 50 and t?
10
Let c(a) = 7217*a**2 - 85*a - 4. Let o be c(-1). Calculate the highest common factor of 246 and o.
82
Let m = -2857 + 2882. Calculate the highest common factor of 2725 and m.
25
Suppose -3*p - 22 = 4*f, -2*p = -f + 5*f + 16. Let u be ((-18)/p)/((-2)/(-14)). What is the greatest common divisor of 21 and u?
21
Suppose 4*l = 15 + 93. Suppose 792 = -326*a + 348*a. Calculate the greatest common divisor of l and a.
9
Let c(j) = -6 - 4*j + 5*j**2 + 16 + 0*j**3 + 2*j**2 - j**3. Let a be c(4). Suppose -z - z = -a. What is the greatest common divisor of 3 and z?
3
Let n(p) = -p**3 + 22*p**2 + 2*p - 40. Let t be n(22). What is the highest common factor of 1336 and t?
4
Suppose 158*y + 41*y = 26865. Calculate the highest common factor of 39015 and y.
135
Let a = -1504 + 1555. Calculate the greatest common divisor of a and 1292.
17
Suppose c + 15 = -k, -4*k + 5*c = -5*k - 31. Let g be (k - -10)*(-161)/1. What is the highest common factor of 14 and g?
7
Let u be ((-6831)/92)/(-33)*(2 + 6422). Calculate the highest common factor of 66 and u.
66
Let m be ((-1250)/(-6))/(4/(-6 - -18)). Let l = m - 620. What is the highest common factor of 4 and l?
1
Let u = -94429 - -94432. Let p = -2 + 4. What is the highest common factor of u and p?
1
Let b(l) = -2*l**3 - 10*l**2 - 28*l - 71. Let d be b(-5). Calculate the highest common factor of 6693 and d.
69
Let k = -29 + -19. Let i = -5475 + 5532. Let c = i + k. What is the highest common factor of c and 15?
3
Let x(w) = 4*w + 176. Let y(h) = 3*h + 89. Let q(n) = 6*x(n) - 11*y(n). Let d be q(7). Calculate the greatest common divisor of 238 and d.
14
Suppose 0 = 2*g - 3*s - 4006, 3*g - 6039 = s - 4*s. Calculate the highest common factor of g and 41.
41
Let s = 98 + -92. Let t be 1*(6 + -7) + -1 + s. What is the greatest common factor of 5 and t?
1
Suppose -10839*l + 10849*l = 6860. What is the highest common divisor of l and 28?
14
Let u = -5039 + 5162. Let r be (246/15)/(4/10). Calculate the greatest common divisor of u and r.
41
Let p be (0/(-2) - -53) + 38 + -43. Let j be 250/(-9) + 12/(-54). Let c = -22 - j. Calculate the greatest common divisor of p and c.
6
Suppose 193*l - 6421 = 167*l + 3875. Calculate the highest common divisor of l and 126.
18
Suppose -2047 = -57*w - 394. Calculate the highest common factor of 1769 and w.
29
Let y be ((-3)/2)/((-2)/(-8)). Let m be 3/((-9)/y)*18/12. Calculate the highest common divisor of 2 and m.
1
Let v(y) = y**3 - 17*y + 28. Let w be v(0). Let j be 1*4/w*-78*-14. What is the greatest common divisor of j and 39?
39
Let i = -4573 + 4821. Calculate the highest common factor of 155 and i.
31
Let l be (-5 - 162/(-9))/(1/6). Let g be 39*(6/(-9))/(2/(-3)). What is the highest common factor of l and g?
39
Let h be 6 + 0 - (-1 + 3 + -1). Suppose h*y - 4486 = -1. What is the greatest common factor of y and 69?
69
Let l = -9 + 11. Let n(i) = -7 - 1 + 1 - l*i - 8. Let t be n(-11). What is the greatest common divisor of 28 and t?
7
Suppose -14*n - 1486 = 936. Let t = -153 - n. Calculate the greatest common factor of 160 and t.
20
Suppose -37*v - 11 = -38*v + 3*i, 3*v - 131 = -5*i. What is the highest common divisor of 25952 and v?
32
Let i = 1465 + -619. Suppose -i = -3*l + 351. What is the highest common factor of 21 and l?
21
Let t(h) be the first derivative of h**4/4 + 10*h**3/3 - 5*h**2/2 + 13*h + 67. Let u be t(-10). What is the greatest common factor of u and 14?
7
Suppose 3*s - 7*s + 956 = -3*q, -16 = 4*q. Suppose 0 = 5*r - 10, -4*c = c - 2*r - s. Calculate the greatest common divisor of 60 and c.
12
Let q(s) = 65*s - 1853. Let z be q(29). Calculate the greatest common factor of 544 and z.
32
Suppose -20*l + 5*s = -21*l + 824, -3*s + 4098 = 5*l. What is the highest common divisor of 42 and l?
21
Let n(k) = -6*k**2 - 52*k - 2. Let q be n(-8). Let w be q/((-1)/16*-6). What is the greatest common factor of w and 120?
40
Let d(t) = 15*t**2 + t. Let y be d(-2). Let j be -36 + 4/(-7 + 5). Let g = j + y. Calculate the highest common factor of 10 and g.
10
Let a(x) = -x + 5. Let l(b) = -1. Let s(v) = a(v) + 3*l(v). Let m be s(-14). Suppose 418 = -5*u + m*u. What is the greatest common factor of 38 and u?
38
Suppose 0 = 3*c - 24 - 126. Let r = c + -48. Let n(y) = 28*y**2 + y + 1. Let t be n(r). Calculate the greatest common factor of t and 46.
23
